z - 4*z + 39. Suppose -5*d - 2*h - h + z = 0, 5*d - 4*h = 44. What is the highest common divisor of d and 32?
8
Let g(c) = -c**2 - 3*c. Let r be g(-3). Let n be 8 + (1 - 3) + r. What is the highest common factor of 30 and n?
6
Let v = 1 - -1. Suppose -v*d + 4*d = 0. Suppose -2*j + d*z = z, -3*z = -3*j + 18. Calculate the highest common divisor of j and 2.
2
Let r(b) = -b**3 - 6*b**2 - 4*b - 6. Let d be r(-6). Let a = -13 + d. Suppose 0 = 2*f - a*f + 12. Calculate the greatest common divisor of 4 and f.
4
Suppose 0*d + 2*d = 88. What is the highest common factor of 11 and d?
11
Suppose 68 = 4*a - 508. Calculate the greatest common divisor of a and 24.
24
Let m(f) = -2*f**3 - 4*f**2 - 4*f - 2. Let t be m(-2). What is the highest common divisor of t and 18?
6
Let s = 73 - 50. Calculate the highest common divisor of 46 and s.
23
Let r(u) = -2*u**2 - 9*u. Let m be r(-3). Suppose f + 3*z = 9, -f + 36 = 3*f + 5*z. What is the highest common divisor of f and m?
9
Let v be 0 + 0 + 1 + -2. Let g be 565/10 + v/2. Calculate the highest common divisor of 7 and g.
7
Let n(z) = -3*z - 6. Let f be n(-9). Let p = -37 + 44. Calculate the highest common divisor of f and p.
7
Let m(g) = g**2 + 8*g - 5. Let p be m(-9). Let t be (-500)/(-35) + p/(-14). Calculate the greatest common divisor of 2 and t.
2
Let t = -15 - -23. Let o(s) = -16*s. Let d(a) = 33*a. Let z(u) = 4*d(u) + 9*o(u). Let w be z(-1). What is the highest common divisor of t and w?
4
Suppose -q + 3*q = -8, -3*j + 29 = -2*q. What is the highest common divisor of 133 and j?
7
Let s be (0 - -2)*13/2. Suppose z + 1 - 5 = 0, 3*h = -z + 139. Let t = h - 32. What is the greatest common divisor of s and t?
13
Let w = -66 + 99. Let i(t) = -2*t + 3. Let v be i(-4). Calculate the greatest common factor of v and w.
11
Suppose -25 = 4*k - 245. Let x(t) = -t**2 - 4 + 9 - 7*t + 0*t**2. Let q be x(-6). Calculate the highest common factor of q and k.
11
Let r be ((-3)/2)/(3/(-6)). Suppose -k = k. Suppose k = 4*i - 4. What is the highest common divisor of i and r?
1
Let i be 2 - 3 - 2*-4. Let l be i + (2 + 0 - 2). What is the greatest common factor of 28 and l?
7
Let n be (-120)/136 + (-2)/17 - -37. Calculate the greatest common divisor of n and 288.
36
Suppose 5*w + 4*t - 380 = w, -5*t = 4*w - 379. Let f be -1 - 2 - -1*10. Let g be f*2 + (-6)/3. What is the highest common divisor of g and w?
12
Let q(u) = -u**2 + 12*u + 19. Let x be q(13). What is the highest common divisor of 6 and x?
6
Let j be (48/30)/((-1)/(-5)). Let s = j + -5. Calculate the highest common divisor of s and 2.
1
Suppose 5*s - i - 2*i - 92 = 0, -2*s + 16 = 4*i. Let p = 41 - s. Suppose -40 = -a + 5*y, 3*y - 2*y - p = -2*a. What is the greatest common factor of 30 and a?
15
Let o = -19 + 39. Let u = -18 - -10. Let a(k) = k**2 + 4*k - 2. Let m be a(u). Calculate the greatest common divisor of o and m.
10
Suppose -g = -4, g = 3*t - 7 - 7. Let b = 6 + t. Let v(i) = 3*i**2 - i - 2. Let l be v(2). What is the greatest common divisor of l and b?
4
Suppose -3*u + 153 = -246. Calculate the highest common factor of 19 and u.
19
Let s = -2700 + 188. Suppose -3 = -z - 10. Let i be (-2)/z + s/(-28). What is the highest common factor of 10 and i?
10
Let q(d) = d**3 - 11*d**2 + 13. Let y be q(11). Calculate the greatest common factor of 13 and y.
13
Let z be 368/(-20)*(-15)/6. Suppose 0 = 2*v - 5*t - 0*t - z, 44 = 2*v - 4*t. Calculate the greatest common factor of 12 and v.
6
Suppose 3*y + y - 53 = 5*p, 5*p + 65 = 5*y. Calculate the highest common divisor of 12 and y.
12
Let w be (-185)/(-15) + (-1)/3. Calculate the greatest common factor of w and 60.
12
Let z be 16 - 16 - 7*(-2 - 64). Calculate the highest common divisor of z and 42.
42
Suppose -d - 48 = -5*d. Let u = d + -1. Suppose -5*s - 9 = -2*s, w - u = -s. Calculate the greatest common divisor of 56 and w.
14
Let q be (-1)/4 + (-2725)/(-20). Calculate the highest common divisor of q and 34.
34
Suppose -4*y = -4 - 0. Suppose 0 = -b + y + 1. Suppose 7 - 3 = b*j. Calculate the highest common divisor of 8 and j.
2
Let g(u) = -u - 13. Let k be g(-9). Let r be -3*(-1 + 2) + -113. Let w = k - r. What is the highest common divisor of 14 and w?
14
Suppose 6*m - 36 - 24 = 0. Calculate the highest common divisor of m and 20.
10
Let n = -18 - -25. Let x = -7 + n. Suppose 2*f - t - 54 = x, -5*f - 5*t - 1 = -106. Calculate the highest common factor of f and 5.
5
Suppose 5*o + 49 = 234. Let h = 19 - o. Let c be (20/(-12))/(1/h). What is the greatest common factor of 75 and c?
15
Let d = 3 + 5. Suppose 2*h + 5*p = -d, 2*h + 2 = p - 3*p. What is the greatest common divisor of 1 and h?
1
Let c(w) = 5*w - 42. Let t be c(14). What is the highest common factor of t and 7?
7
Suppose 4*q = f + 98, 0*q + f - 52 = -2*q. Calculate the greatest common factor of q and 5.
5
Let f be (-10)/10 - (1 + -97). Suppose 55 = 4*z - 21. What is the highest common factor of f and z?
19
Let g be (-4)/16 + 193/4. What is the greatest common divisor of 12 and g?
12
Let g(v) = -v**3 - 3*v**2 + 3*v + 4. Let h be g(-4). Calculate the highest common factor of 1 and h.
1
Let k(f) be the second derivative of 25*f**3/6 - 4*f**2 - 6*f. Let a be k(8). What is the highest common divisor of 24 and a?
24
Let o(v) = -v**3 - 3*v**2 + 3*v - 4. Let u be o(-4). Let t be -2 + (5 - 3 - u). Suppose 2*r - 35 - 55 = t. What is the greatest common factor of 5 and r?
5
Suppose -397 = 6*n - 1111. Let p = -79 + n. What is the greatest common factor of 8 and p?
8
Suppose 0 = -y + 11 + 4. Calculate the highest common factor of 15 and y.
15
Let p(y) be the third derivative of y**4/8 - y**3/2 + y**2. Let b be p(4). What is the greatest common factor of b and 9?
9
Let n be (-1024)/24 - (-2)/3. Let i be 6 + -7 - n/2. Calculate the highest common factor of 30 and i.
10
Let d(g) = -2*g - 2 - 2 + 5 + 0. Let p be d(-6). Suppose -6*b = -3*b - 156. What is the greatest common divisor of b and p?
13
Let m(z) = 3*z - 1 + 7*z - 4*z + 4*z. Let f be m(1). What is the highest common divisor of 9 and f?
9
Let q = -4 - -8. Suppose -q*c - 4*m = 0, -4*c + 10 = -2*m - 14. Let l(i) = -2*i - 10. Let d be l(-7). Calculate the highest common divisor of d and c.
4
Let p be -7*-4*(-1)/(-7). Suppose 4*q + p*s - 160 = 2*q, -140 = -2*q + s. Calculate the highest common divisor of q and 8.
8
Suppose -4*d = -5*d + 50. Calculate the greatest common divisor of d and 10.
10
Suppose 12 = -4*v + v. Let b = 12 + v. What is the highest common divisor of b and 8?
8
Let f(c) = -61*c**3 + 2*c + 1. Let p be f(-1). What is the greatest common divisor of p and 20?
20
Let z(r) = 2*r**2 - r - 3. Let s be z(-2). Suppose 2*u = 4*o + 36 + 18, 39 = 2*u + o. Calculate the greatest common factor of u and s.
7
Suppose a = -1 - 2. Let w = 5 + a. Suppose 68 + 60 = w*x. What is the highest common divisor of 16 and x?
16
Let z(d) = -d + 1. Let c be z(1). Suppose -m + 32 = -c*m. Let o be m/(-6)*(-9)/6. Calculate the greatest common factor of o and 56.
8
Let s = -68 - -208. What is the highest common factor of 20 and s?
20
Let a be 165/11*(1 + 1). Let j = -33 + 53. Calculate the highest common divisor of a and j.
10
Suppose 2*k - 3*k = -2. Suppose -3*v - 4*p = k, v = 3*v + p - 7. Let l be ((-9)/v)/(2/(-28)). What is the greatest common divisor of 7 and l?
7
Let n = 189 - 134. Suppose -5*w = -0*w - n. Calculate the highest common factor of 33 and w.
11
Let a(v) = -2*v - 4. Let w be 3 - (12 - 2/1). Let c be a(w). Calculate the highest common factor of 25 and c.
5
Suppose -3*q + 18 = -q + 3*n, -4*n = 2*q - 14. Suppose -3*d + d = -120. Suppose -4*m + d = -2*m. Calculate the highest common factor of q and m.
15
Let j(q) = q - 5. Let d be j(9). Suppose -12 = -6*z + 48. Calculate the greatest common divisor of z and d.
2
Suppose 4*g = 4*t - 4 - 4, 4*g = 3*t - 2. Calculate the highest common divisor of 3 and t.
3
Let l = 76 - 50. What is the greatest common divisor of 39 and l?
13
Suppose -2*x = 5*g - 175, 5*g + 4*x - 52 - 123 = 0. Suppose -2*b - 2*k = -5*k - g, 0 = -4*k - 12. What is the greatest common factor of 143 and b?
13
Suppose -l = -4*l + 42. Suppose l = -4*y + 62. Suppose -d + 2 = 5*w, -8*d + w + 62 = -3*d. Calculate the greatest common factor of d and y.
12
Let t be (4*-6)/(12/(-8)). Let j = 9 + -1. Calculate the highest common